the ten millions digit of 10077952?
1
What is the tens digit of 821136792?
9
What is the millions digit of 50716492?
0
What is the ten thousands digit of 1966628902?
2
What is the ten thousands digit of 5523699926?
9
What is the thousands digit of 196459491?
9
What is the ten millions digit of 92042390?
9
What is the millions digit of 2581245505?
1
What is the ten millions digit of 196170515?
9
What is the thousands digit of 3621631293?
1
What is the ten millions digit of 264475091?
6
What is the hundreds digit of 1662599?
5
What is the hundred millions digit of 100761804?
1
What is the hundred millions digit of 119977789?
1
What is the hundred thousands digit of 35945714?
9
What is the billions digit of 2148155175?
2
What is the thousands digit of 1148632?
8
What is the millions digit of 127227244?
7
What is the hundreds digit of 452285818?
8
What is the thousands digit of 591551565?
1
What is the ten thousands digit of 1638219508?
1
What is the thousands digit of 72764283?
4
What is the hundred millions digit of 2172045750?
1
What is the hundred millions digit of 142370559?
1
What is the hundreds digit of 6071828661?
6
What is the ten millions digit of 617394472?
1
What is the thousands digit of 14384583?
4
What is the ten millions digit of 1008561649?
0
What is the ten thousands digit of 22406787?
0
What is the hundred thousands digit of 1352798220?
7
What is the ten thousands digit of 199966614?
6
What is the ten millions digit of 879282785?
7
What is the millions digit of 48025112?
8
What is the millions digit of 118903129?
8
What is the tens digit of 414332195?
9
What is the hundred thousands digit of 29092292?
0
What is the thousands digit of 7566335?
6
What is the tens digit of 663940428?
2
What is the ten millions digit of 1685471888?
8
What is the tens digit of 5710618?
1
What is the hundreds digit of 178239716?
7
What is the ten thousands digit of 149970721?
7
What is the millions digit of 20879385?
0
What is the units digit of 1223641096?
6
What is the millions digit of 244161271?
4
What is the hundred thousands digit of 1090976563?
9
What is the millions digit of 3299167930?
9
What is the units digit of 106764197?
7
What is the hundred millions digit of 464642315?
4
What is the tens digit of 1169462285?
8
What is the hundred millions digit of 5995314531?
9
What is the ten millions digit of 1419893023?
1
What is the tens digit of 5909652?
5
What is the millions digit of 1222278759?
2
What is the ten millions digit of 2950634301?
5
What is the ten millions digit of 107085075?
0
What is the ten millions digit of 49803972?
4
What is the units digit of 549129930?
0
What is the hundreds digit of 79748148?
1
What is the thousands digit of 2759010120?
0
What is the ten thousands digit of 119760031?
6
What is the hundred millions digit of 487220575?
4
What is the hundred millions digit of 6086615067?
0
What is the thousands digit of 23927806?
7
What is the hundreds digit of 586561904?
9
What is the ten thousands digit of 122875162?
7
What is the tens digit of 7588441159?
5
What is the units digit of 2937105337?
7
What is the hundred millions digit of 5744949079?
7
What is the thousands digit of 533378517?
8
What is the ten millions digit of 107253821?
0
What is the hundred millions digit of 394457485?
3
What is the thousands digit of 2936559657?
9
What is the units digit of 72766778?
8
What is the ten millions digit of 123184529?
2
What is the hundreds digit of 1364565493?
4
What is the units digit of 760468214?
4
What is the hundred thousands digit of 258642807?
6
What is the units digit of 48518028?
8
What is the ten millions digit of 158850631?
5
What is the hundreds digit of 1710986309?
3
What is the millions digit of 331440296?
1
What is the tens digit of 2069882114?
1
What is the thousands digit of 3749860?
9
What is the units digit of 18021247?
7
What is the hundred thousands digit of 145158838?
1
What is the millions digit of 353064026?
3
What is the hundred millions digit of 302135024?
3
What is the units digit of 7761995851?
1
What is the ten millions digit of 497874263?
9
What is the units digit of 384286708?
8
What is the millions digit of 165796183?
5
What is the millions digit of 120551076?
0
What is the thousands digit of 1575266840?
6
What is the hundreds digit of 496204027?
0
What is the hundred millions digit of 146915367?
1
What is the thousands digit of 54739659?
9
What is the millions digit of 676314700?
6
What is the hundreds digit of 387290054?
0
What is the hundreds digit of 89524484?
4
What is the hundreds digit of 110161950?
9
What is the hundred thousands digit of 254332675?
3
What is the ten thousands digit of 6074876?
7
What is the hundred millions digit of 100659536?
1
What is the millions digit of 56925699?
6
What is the thousands digit of 2671880505?
0
What is the thousands digit of 23531757?
1
What is the ten millions digit of 250777326?
5
What is the hundred thousands digit of 59140541?
1
What is the ten millions digit of 454055043?
5
What is the hundreds digit of 1878179112?
1
What is the hundreds digit of 23334102?
1
What is the tens digit of 300896442?
4
What is the hundreds digit of 16344554?
5
What is the units digit of 530352722?
2
What is the thousands digit of 36958820?
8
What is the hundreds digit of 63579386?
3
What is the units digit of 1072920104?
4
What is the hundred thousands digit of 40408999?
4
What is the thousands digit of 628544237?
4
What is the hundred thousands digit of 62243412?
2
What is the tens digit of 191147812?
1
What is the hundred thousands digit of 45158760?
1
What is the ten millions digit of 66362625?
6
What is the hundreds digit of 33280620?
6
What is the ten thousands digit of 426135655?
3
What is the hundreds digit of 359691495?
4
What is the hundred millions digit of 127409812?
1
What is the hundred thousands digit of 914992349?
9
What is the billions digit of 3760738868?
3
What is the ten millions digit of 1009488093?
0
What is the millions digit of 855222139?
5
What is the units digit of 1464748970?
0
What is the tens digit of 120240776?
7
What is the units digit of 3749579149?
9
What is the ten thousands digit of 27285828?
8
What is the units digit of 8498367?
7
What is the ten thousands digit of 144630178?
3
What is the hundreds digit of 23451968?
9
What is the units digit of 123542275?
5
What is the hundred thousands digit of 177290923?
2
What is the millions digit of 1644913?
1
What is the ten millions digit of 378705067?
7
What is the tens digit of 1980903287?
8
What is the thousands digit of 997969220?
9
What is the thousands digit of 7623017?
3
What is the hundreds digit of 71124255?
2
What is the thousands digit of 783078554?
8
What is the units digit of 1230034738?
8
What is the units digit of 86804604?
4
What is the hundreds digit of 63853728?
7
What is the hundred thousands digit of 5263805488?
8
What is the ten thousands digit of 877786170?
8
What is the tens digit of 131540578?
7
What is the millions digit of 186263799?
6
What is the ten millions digit of 334956962?
3
What is the ten thousands digit of 249896031?
9
What is the hundreds digit of 56291950?
9
What is the tens digit of 270938556?
5
What is the thousands digit of 69108540?
8
What is the millions digit of 5134879?
5
What is the tens digit of 231495038?
3
What is the hundred thousands digit of 177385640?
3
What is the units digit of 4138082?
2
What is the hundreds digit of 872160207?
2
What is the tens digit of 262296254?
5
What is the ten thousands digit of 1048284037?
8
What is the hundred thousands digit of 48305738?
3
What is the tens digit of 426738965?
6
What is the tens digit of 112925074?
7
What is the thousands digit of 280340734?
0
What is the billions digit of 1035637509?
1
What is the hundreds digit of 498585204?
2
What is the units digit of 292889555?
5
What is the millions digit of 1274492413?
4
What is the tens digit of 49683424?
2
What is the units digit of 505538169?
9
What is the tens digit of 57215779?
7
What is the ten thousands digit of 122572754?
7
What is the thousands digit of 944195016?
5
What is the ten millions digit of 693856422?
9
What is the hundreds digit of 67579877?
8
What is the ten millions digit of 2036215420?
3
What is the ten thousands digit of 392639